{"id":272,"date":"2026-04-30T15:53:00","date_gmt":"2026-04-30T15:53:00","guid":{"rendered":"https:\/\/saldos.undermarket.cl\/?post_type=product&#038;p=272"},"modified":"2026-04-30T15:53:57","modified_gmt":"2026-04-30T15:53:57","slug":"estelado-rose","status":"publish","type":"product","link":"https:\/\/saldos.undermarket.cl\/?product=estelado-rose","title":{"rendered":"Estelado Rose"},"content":{"rendered":"<p>Color rosado p\u00e1lido y delicado, a la vista destaca una burbuja fina, intensa , persistente y elegante. En el aroma predominan los aromas frutales (frutos rojos y c\u00edtricos), y el paladar es fresco, intenso y salvaje caracter\u00edstico de la ancestral y noble variedad pa\u00eds.<\/p>\n<p>GASTRONOM\u00cdA El vino perfecto para cualquier celebraci\u00f3n. Servir idealmente entre 6\u00b0 a 8\u00b0C.<\/p>\n<p>DATOS T\u00c9CNICOS Grado alcoh\u00f3lico: 12,0 % Ph: 3,0 Acidez Total: 6,37 grs. \/l (Tartarica) Tipo de Espumante: Brut<\/p>\n","protected":false},"excerpt":{"rendered":"<p>Color rosado p\u00e1lido y delicado, a la vista destaca una burbuja fina, intensa , persistente y elegante. En el aroma predominan los aromas frutales (frutos rojos y c\u00edtricos), y el paladar es fresco, intenso y salvaje caracter\u00edstico de la ancestral y noble variedad pa\u00eds. GASTRONOM\u00cdA El vino perfecto para cualquier celebraci\u00f3n. Servir idealmente entre 6\u00b0 [&hellip;]<\/p>\n","protected":false},"featured_media":287,"comment_status":"closed","ping_status":"closed","template":"","meta":{"_et_pb_use_builder":"","_et_pb_old_content":"","_et_gb_content_width":""},"product_brand":[],"product_cat":[24,20],"product_tag":[],"class_list":{"0":"post-272","1":"product","2":"type-product","3":"status-publish","4":"has-post-thumbnail","6":"product_cat-espumantes","7":"product_cat-rose","9":"first","10":"instock","11":"sale","12":"shipping-taxable","13":"purchasable","14":"product-type-simple"},"_links":{"self":[{"href":"https:\/\/saldos.undermarket.cl\/index.php?rest_route=\/wp\/v2\/product\/272","targetHints":{"allow":["GET"]}}],"collection":[{"href":"https:\/\/saldos.undermarket.cl\/index.php?rest_route=\/wp\/v2\/product"}],"about":[{"href":"https:\/\/saldos.undermarket.cl\/index.php?rest_route=\/wp\/v2\/types\/product"}],"replies":[{"embeddable":true,"href":"https:\/\/saldos.undermarket.cl\/index.php?rest_route=%2Fwp%2Fv2%2Fcomments&post=272"}],"wp:featuredmedia":[{"embeddable":true,"href":"https:\/\/saldos.undermarket.cl\/index.php?rest_route=\/wp\/v2\/media\/287"}],"wp:attachment":[{"href":"https:\/\/saldos.undermarket.cl\/index.php?rest_route=%2Fwp%2Fv2%2Fmedia&parent=272"}],"wp:term":[{"taxonomy":"product_brand","embeddable":true,"href":"https:\/\/saldos.undermarket.cl\/index.php?rest_route=%2Fwp%2Fv2%2Fproduct_brand&post=272"},{"taxonomy":"product_cat","embeddable":true,"href":"https:\/\/saldos.undermarket.cl\/index.php?rest_route=%2Fwp%2Fv2%2Fproduct_cat&post=272"},{"taxonomy":"product_tag","embeddable":true,"href":"https:\/\/saldos.undermarket.cl\/index.php?rest_route=%2Fwp%2Fv2%2Fproduct_tag&post=272"}],"curies":[{"name":"wp","href":"https:\/\/api.w.org\/{rel}","templated":true}]}}